 0 = -3*d - 2*k + 1239. List the prime factors of d.
7, 59
Suppose 4*o - 7 = -r + 16, -5*o = -4*r - 13. Suppose -q - r*q = -884. Suppose -3*l + s + q = 33, 0 = 2*s + 4. What are the prime factors of l?
2, 31
Let i(f) = 3*f - 2. Suppose 7*x + 20 = 2*x. Let z be i(x). What are the prime factors of (z/(-4) + -4)*-94?
47
Suppose t + 3*h = 10370, -39*t = -35*t - 2*h - 41410. List the prime factors of t.
5, 19, 109
Let i(c) = -c**3 + 28*c**2 + 43*c + 409. What are the prime factors of i(-15)?
9439
Suppose -r - r + 12 = 0. Suppose 7*n - r*n + 2032 = 3*v, 3*v + 5*n = 2026. What are the prime factors of v?
677
Suppose 0 = -0*z - z - 8. Suppose -n + 2*l - 4*l = 136, 0 = 3*n - 2*l + 440. Let j = z - n. What are the prime factors of j?
2, 17
Suppose -2*f - 220 = -4*k, -544 = 5*f + k - 5*k. Let g = 265 + f. List the prime factors of g.
157
Let y(f) = 79*f**2 + 37*f - 184. What are the prime factors of y(6)?
2, 11, 131
Suppose 241 = 2*m - 5*v - 8, -5*v = m - 147. Suppose 237*c - 235*c - m = 0. List the prime factors of c.
2, 3, 11
Suppose -o = 2*l - 104086 - 77149, -l + 90628 = 2*o. What are the prime factors of l?
2, 45307
Let d = -11 - -23. Let k be (-4)/d + (-4)/(-12). Suppose -3*x - g + 452 = k, -4*x + 2*g + 586 = -0*g. What are the prime factors of x?
149
Let j be (-1)/(7/1365*-5). What are the prime factors of j/(-2)*(847/(-33) + 11)?
2, 11, 13
Let d be (-3172)/60 - (0 - 6/(-45)). Suppose 5*o = -2*f - 174, 4*f = 3*o - 23 - 273. Let l = d - f. What are the prime factors of l?
2, 3
Suppose -4*c - w + 963 = -0*w, -c - 5*w = -217. Let j = c - 40. What are the prime factors of j?
2, 101
Let h = 9455 + -3881. List the prime factors of h.
2, 3, 929
Suppose 0 = -73*o + 15*o + 801522 + 2029690. What are the prime factors of o?
2, 24407
Let v = -25241 - -26544. List the prime factors of v.
1303
Let w be (1 + 0)/(2/1036*-2). Let f be w/(-35) - 6/15. Suppose f*x = 42 + 84. What are the prime factors of x?
2, 3
Let m = 285 + 1069. Suppose 2*u = m + 1030. List the prime factors of u.
2, 149
Suppose -5*j + m = -2*m + 117, -j - 29 = 5*m. Let v be 80/j*24/10. What are the prime factors of 1*68/v*-8?
2, 17
Let k(h) = -2*h**3 + 20*h**2 + 7*h - 13. Let o be k(9). Let v = -81 + 136. Suppose v*a = 53*a + o. What are the prime factors of a?
2, 53
Suppose -14*w + 13*w - 86 = 0. Let o = 86 + w. Suppose o = -0*c + 2*c - 302. List the prime factors of c.
151
Suppose -55 = 2*w + 5*y, -3*w + 0*y - 108 = -y. Let o = 39 + w. Suppose -216 = -o*z + 316. List the prime factors of z.
7, 19
Let c(x) = 4*x**2 - 2*x**2 + 16 - 35*x + 11 + 36*x. What are the prime factors of c(5)?
2, 41
Let h be ((-2)/((-8)/(-4)))/(2/(-13934)). Suppose g + g + 3*s + 3487 = 0, 0 = -4*g + s - h. What are the prime factors of 9/5 - 2 - g/10?
2, 3, 29
Let f = 344 + 954. Let a = f + -98. What are the prime factors of a?
2, 3, 5
Suppose -l + 14 = 8. Let x = -13 + l. List the prime factors of (1 - 0)/((-105)/(-14) + x).
2
Let y = 44 - 39. Suppose -170 = -y*w + 4*n + 47, -2*n + 139 = 3*w. Suppose 6 = 3*b - w. List the prime factors of b.
17
Suppose -5*g - 29 = 2*p, 0 = 2*p - 3*g - 9 - 2. Let i = 6 - p. Suppose -2*a - 3*l = -112, 8 = 4*l - i. List the prime factors of a.
2, 5
Let q = 110 + -101. Suppose 5 = 7*m - q. Suppose -m*g - 6*g + 960 = 0. List the prime factors of g.
2, 3, 5
Let w = -69 - -72. Suppose 17 + w = 10*p. Suppose -2*k - p*n = -5*k + 32, 5*n + 38 = 4*k. What are the prime factors of k?
2, 3
Suppose 25 = -3*u - 2*u. Let y be 3 - u/2*108. Let m = y - 183. List the prime factors of m.
2, 3, 5
Suppose 9*n + 60884 = 3*a + 8*n, 0 = 3*a + 2*n - 60905. List the prime factors of a.
20297
Let n = -4263 - -11376. List the prime factors of n.
3, 2371
Suppose 0 = 4*d - 20, 43 = 2*z - z + 5*d. Suppose -z*g + 24051 = 2487. List the prime factors of g.
2, 599
Let t = -60633 - -87670. What are the prime factors of t?
19, 1423
Let f = -32 + 34. Suppose 5*m = f*j + 12, -j - 2*j = 3*m - 3. Let p(d) = 10*d**2 - 5*d + 9. What are the prime factors of p(m)?
3, 13
Suppose -4*g - 4*q - 490 - 1622 = 0, -g - 5*q = 544. Let b = 1078 + g. What are the prime factors of b?
2, 277
Let k = -119478 + 177934. List the prime factors of k.
2, 7307
Let l(h) = 426*h. Let c be l(1). Let o(p) = -3*p**3 - 50*p**2 + 19*p + 54. Let y be o(-17). Suppose 23*t = y*t + c. What are the prime factors of t?
2, 71
Let a be 1032 + 0*((-36)/(-8) - 5). Suppose 9*o + 244 = 10*o + 4*j, 0 = 4*o + 2*j - a. List the prime factors of o.
2, 5, 13
Suppose 0 = 2*c + 82 + 30. Let n = 59 + c. Suppose 0 = -5*f + 10, 0 = n*h - 3*f + 2*f - 364. What are the prime factors of h?
2, 61
Suppose 3*y + 3453 + 885 = 0. Let u = -650 - y. List the prime factors of u.
2, 199
Let i = 18 + -14. Suppose 3*y - i*c - 2 = 29, y + 5*c + 15 = 0. Suppose y*w - 734 = -134. List the prime factors of w.
2, 3, 5
List the prime factors of (-1696549)/(-161) + (-4)/(-28)*3.
2, 11, 479
Let z = -9633 - -12765. What are the prime factors of z?
2, 3, 29
Let y(r) = -r**2 - 15*r + 7. Let x be y(-6). Suppose -7*u - 191 = x. Let d = u + 94. List the prime factors of d.
2, 29
Let o(u) = -22*u**2 - 5*u + 1. Let h(w) = 21*w**2 + 6*w. Let d(y) = -3*h(y) - 4*o(y). What are the prime factors of d(-5)?
13, 47
Suppose -197 = 7*y + 153. What are the prime factors of (-16)/(-3)*(-5)/(y/2415)?
2, 7, 23
Suppose 11*l - 14*l + 5163 = s, -l + 4*s + 1695 = 0. What are the prime factors of l?
3, 191
Suppose 252*o + 2376 = 258*o. List the prime factors of (o/30)/11*(-1895)/(-2).
3, 379
Let x be 1 + -4 + 970/5. Suppose 22*y - 788 = 1148. Let n = x - y. List the prime factors of n.
103
List the prime factors of (92/(-6))/(2/(-138)) + 7 + -11.
2, 17, 31
Suppose -5*f = -0 + 15, -3*f = 3*r - 915. What are the prime factors of 0*1/(-3) - (-1 - r)?
3, 103
Let b(s) = -128*s**2 + 5*s - 3. Let h be b(-2). Let w = -227 - h. What are the prime factors of w?
2, 149
Let s(f) = 28*f - 25. Let g be s(1). Suppose 0 = h + 3*p - 603, -15 + 0 = g*p. List the prime factors of h.
2, 3, 103
Let p(u) = 2*u**3 - 4*u**2 - 2*u + 5. Let n(d) = 15*d + 6. Let q be n(-1). Let a be (6/9)/((-2)/q). List the prime factors of p(a).
17
Let k(p) = -p**3 + p**2 + 9*p + 1. Let h be k(4). Let u = -6 - h. Suppose -5*b = -2*g - 348 - 65, -u*b + 417 = -3*g. What are the prime factors of b?
3
Let b be 138523/(-99) - 4/(-18). Let w = -684 - b. List the prime factors of w.
5, 11, 13
Suppose -10 = -5*r, -2*r - 3*r + 15390 = 2*c. List the prime factors of c.
2, 5, 769
Suppose 4*k = 4*i + 17540, 5*k - 11620 = 2*i + 10290. List the prime factors of k.
2, 3, 5, 73
Let f(s) = -313*s + 1271. What are the prime factors of f(-15)?
2, 19, 157
Suppose -111*h = -115*h + 2*v + 133414, 0 = -2*h + 2*v + 66706. What are the prime factors of h?
2, 3, 17, 109
Let z(d) = -9*d + 1. Let a be z(-2). Let m(y) = 3*y - 18*y + 7*y - 4*y + y**3 + 2 - 18*y**2. List the prime factors of m(a).
3, 5
Let t(f) = f**3 - 2*f**2 + f + 4. Let c be t(-1). Suppose c = -2*a + 5*l + 385, -18*l = -a - 14*l + 200. What are the prime factors of a?
2, 3, 5
Suppose -v + 2*b = 4*v - 125, -4*v + b + 100 = 0. Suppose v*c - 24*c - 4 = 0. Suppose -139 = -4*u - s, 5*u - 5*s + c*s = 167. List the prime factors of u.
2, 17
Suppose -45*z = -48*z - n + 50, -z - 4*n + 2 = 0. Let k(m) = -m**3 + 19*m**2 - 3*m - 52. List the prime factors of k(z).
2, 109
What are the prime factors of 2*(-76)/(-3)*(383673/204 + 31)?
2, 19, 2549
Suppose -2*n = -2*w - 91530, 2*n + 16561 - 108084 = -5*w. List the prime factors of n.
2, 17, 673
List the prime factors of 2/8 + (-5497675)/(-100) + -13.
2, 7, 13, 151
Let n = 63 + -80. Let d be (-172)/(-9) + n/153. Let z = 42 - d. What are the prime factors of z?
23
Let r be 8/44 - 27/(-33). Let v(i) = 3*i**2 - r - 7 - 6*i - 1 - 4. List the prime factors of v(-4).
59
Let j = -26 + -131. Let s = 301 + j. What are the prime factors of s?
2, 3
Suppose -165*m - 120*m + 11122968 - 3230178 = 0. List the prime factors of m.
2, 61, 227
Let y be (7 + -7 + -1)*-7. Let t(q) = 2*q**3 + 18*q**2 - 5*q - 10. List the prime factors of t(y).
1523
Let w(i) = 5073*i - 1859. What are the prime factors of w(7)?
2, 47, 179
Let b(l) = 11*l**3 + 3 - 3 - l + 0*l - 1 - l**2. Let q be b(-1). Let v = 35 - q. What are the prime factors of v?
47
List the prime factors of 174005/26*(3 - -5).
2, 5, 2677
Let a be ((-17)/34)/